pose -4*z + 330 = -2*z. What is the tens digit of z?
6
Suppose -5*m - 5*p + 5 = 0, 2*m + 0*p = -3*p. What is the units digit of m?
3
What is the units digit of (-4)/(12/(-33))*1?
1
Suppose -2*o - 17 = 3*n, 0*o - 40 = 5*n + o. Let b(j) = 2*j. Let q be b(-3). Let r = q - n. What is the units digit of r?
3
Let l be -1 - ((-7)/2)/7*26. Suppose 5*q - 11 + 1 = 0. Suppose -4*m = -l, 2*g - 5*m - q = 5. What is the units digit of g?
1
Let b = -19 - -26. What is the units digit of b?
7
Let y(l) = 3*l**2 - 2*l + 2. Let q(o) = -o**2 - 9*o - 5. Let i be q(-8). What is the tens digit of y(i)?
2
Let g be (2 - 4 - -1)/(-1). Let x be 0/1 + -2 - g. Let k = x - -8. What is the units digit of k?
5
Suppose -p = 2*h - 34, 3*h + 92 + 104 = 5*p. What is the tens digit of p?
3
Let k(b) = b**2 + 3*b + 65. What is the units digit of k(-14)?
9
Suppose -10*o + 5*o + 5 = 0. Let p = 5 + o. What is the units digit of p?
6
Let f = -20 + 14. What is the units digit of (-34)/(4*3/f)?
7
Let f = 8 - 3. What is the units digit of f?
5
Let j(h) be the third derivative of 23*h**5/60 - 5*h**2. What is the tens digit of j(-1)?
2
Let z(j) = 2*j + 3. Let f = 7 + -4. What is the units digit of z(f)?
9
Let a be 7/3 - 1/3. Let g be ((-20)/8)/((-1)/a). Suppose 0 = -3*q + f + 8, -g*q + 0*q = 5*f. What is the units digit of q?
2
Let j(b) = -4*b + 0*b + 3*b + 3 + 2*b. What is the units digit of j(-2)?
1
What is the units digit of 318 - 2*(-5 + 3)?
2
Suppose 4*k = 4*r + 8, r + r = -k + 5. Suppose -k*j + 113 = 14. Let u = j - 20. What is the units digit of u?
3
Suppose -3*k + 5 = 2. Let a = k - -1. What is the units digit of 13/a + (-2)/(-4)?
7
Let j = 19 - 17. Suppose -8 = -j*m - h, 3*h + 8 = 2*m - 0*h. What is the units digit of m?
4
Let u = 15 - 20. Let o(w) = -w**3 - 4*w**2 - w - 3. What is the units digit of o(u)?
7
Let a be (412/(-10))/(6/(-15)). Let g = a + -70. What is the tens digit of g?
3
Let z be 50/(-6) - 2/3. Let s = 30 + z. What is the units digit of s?
1
Let a be 72/7 - (-2)/(-7). Suppose a - 50 = -4*y. What is the tens digit of y?
1
Let i(m) = -m**2 + 16. Let u be i(0). Suppose -19 - u = -5*g. What is the units digit of g?
7
Suppose 0*f + u + 13 = f, 4*f + 4*u - 28 = 0. Suppose l = m + 3*l - 17, -5*l + f = 0. What is the tens digit of m?
1
Let j be (7 + -4)/(6/8). Suppose 11 = 2*q - o, 2*q + j*o = o + 31. Suppose -2*x + q = 2*x. What is the units digit of x?
2
Let y(g) = -g**2 + 6*g - 3. Suppose z - 4*z + o + 10 = 0, z - 1 = -2*o. Let w = z + 1. What is the units digit of y(w)?
5
Let o(q) = -q + 8. Let s be o(10). Let i be s + (4 - 3)*5. Suppose i*b - 67 = -7. What is the tens digit of b?
2
Suppose 4*v - 128 = -3*b, -4*b + 9*b = -2*v + 78. What is the tens digit of v?
2
Let u = 6 - 4. Suppose 2*a + 3*a + 21 = u*x, 9 = -4*a - x. What is the units digit of 5/(a*(-1)/3)?
5
Let c = 77 - 41. What is the units digit of c?
6
Let m(w) = w**2 - w - 4. What is the units digit of m(-10)?
6
What is the units digit of 2/16 - ((-2750)/16 - 1)?
3
Suppose 45 = -3*u + 6*u. Let d = u + -9. Suppose -2*w + d*w = 12. What is the units digit of w?
3
Let u be 0 + (-21)/(-3) + 1. Let a be 6/(-8) - (-86)/u. Let m = a - -1. What is the units digit of m?
1
Let s(h) = -h - 7 - 2*h**2 + 45 + 0*h**2. What is the units digit of s(0)?
8
Let v = -6 - -7. Let d be -1 + 19 - (3 - v). Suppose 0 = 4*b - 20 - d. What is the units digit of b?
9
Let r(y) = 9*y - 55. What is the hundreds digit of r(22)?
1
Suppose 557 = 4*g - 3*o, 2*o + o + 277 = 2*g. What is the hundreds digit of g?
1
Suppose 0 = c - 2*h + 2, -5*c + 4*h - 10 = -0*h. Let a = 5 + c. What is the units digit of a?
3
Suppose u = -u + 4. What is the tens digit of (-53)/(-3) + u/(-3)?
1
Suppose -5*a + 514 = -2*l, 3*a - 4*l - 518 = -2*a. What is the tens digit of a?
0
Let r(m) = 9 - 5*m + 0 + m**2 - 6*m + 3*m. What is the units digit of r(8)?
9
Suppose v + 176 = 5*v. What is the units digit of v?
4
Let v = -230 + 408. What is the hundreds digit of v?
1
Let h be 1 - (-3)/(-3)*-1. Let j = 1 + 5. Suppose x - j - h = 0. What is the units digit of x?
8
Suppose u - 2*u + 12 = 0. Suppose 5*c - 52 = -u. What is the units digit of c?
8
Let d = -15 - -9. What is the units digit of (2/d)/((-2)/30)?
5
Let j = 8 - 6. Suppose -j*c + 4*c = 4. What is the units digit of ((-9)/c)/(12/(-16))?
6
Let q = 3 - 1. Suppose 0 = 4*d + 12, 0 = 5*h - q*d - 1 - 15. Suppose -2*o = -8 - h. What is the units digit of o?
5
Suppose 9 = q - 44. What is the units digit of q?
3
Let n = 359 + -195. What is the units digit of n?
4
Let v be -1 - -3 - (-40)/5. Suppose 4*d = 10 + v. What is the units digit of d?
5
Let r(h) = 25*h**2 - 2*h - 1. Let b be r(3). Suppose -4*c - 54 = -b. What is the units digit of c?
1
Suppose 0 = -5*i + 2 + 3. Let c(w) be the second derivative of 2*w**5/5 + w**4/12 - w**3/3 + w**2/2 + w. What is the units digit of c(i)?
8
Let r(n) = n - 3 + 0*n + 2*n. Let u be r(2). Suppose u*f - 1 = 29. What is the tens digit of f?
1
Suppose 0 = -25*u + 21*u + 316. What is the units digit of u?
9
Let c = 14 - 10. Let k be 3/c - (-3006)/24. What is the tens digit of ((-8)/6)/((-12)/k)?
1
Let z(y) = -1 - 2*y - y**2 - 2*y**3 + 0*y + 3*y**3. Let m be z(2). Let v = m - -6. What is the units digit of v?
5
Let p = 1002 - 659. What is the tens digit of p?
4
Let w(m) = -16*m**2 + 9*m - 4. Let k(p) = 4*p**2 - 2*p + 1. Let c(l) = 9*k(l) + 2*w(l). Let v be 7/(-5) + (-2)/(-5). What is the units digit of c(v)?
5
Let t be (-3)/2*20/(-6). Let j(o) = -o**3 + 5*o**2 - o + 3. Let g be j(t). What is the units digit of (-45)/(-20) - g/(-8)?
2
What is the units digit of -1 + 3 + 595/7?
7
Let n be (-5)/(-2)*(-36)/(-45). Suppose n*u - 5*p = 13, -5*u + 5*p + 20 = -35. What is the tens digit of u?
1
Suppose 0 = 2*j - 5*f - 24, j + 2*f + 9 = 3. Suppose -j*g + 66 = g. What is the units digit of g?
2
Let g(m) be the third derivative of m**4/24 + 2*m**3/3 + m**2. Let t be g(3). Let s(n) = 2*n - 2. What is the units digit of s(t)?
2
Let w(r) = -4*r + 12. What is the units digit of w(-10)?
2
Suppose 5*t = 40 + 505. What is the hundreds digit of t?
1
Let k = 9 - 15. What is the units digit of (102/k)/((-2)/4)?
4
Let r(o) = -o**2 - 8*o - 8. Suppose -3*k + 10 = -2. Let v(g) = g**3 - 4*g**2 - g - 2. Let i be v(k). What is the units digit of r(i)?
4
Let j = 13 - 65. Suppose 0 = 5*i + 15, 3 = 4*p - 2*i + 17. What is the units digit of j/p - (-2)/(-5)?
0
Suppose 0 = -8*c + 3*c + 230. What is the tens digit of c?
4
Let f be (-2 + 1 + 0)*-2. Suppose -13 = -f*w + 9. What is the tens digit of w?
1
Let b(r) = r**3 - 2*r + 70. What is the units digit of b(0)?
0
Suppose -4*u - 3*p + 3 = -2*u, 5*u = p - 1. Suppose u = -t + 10 - 3. What is the units digit of t?
7
Let p(u) = -u**3 + 6*u**2 - 4*u - 2. Let h be p(5). Suppose 2*d - d = h. Suppose 4*o + 47 = d*q, 4*q = 3*o + 2*o + 61. What is the units digit of q?
9
Suppose -5*m = -2*m. Suppose 0*r + 3*r - 3 = m. What is the units digit of r?
1
What is the tens digit of 2/4 - (-153)/6?
2
Let w = -10 - -20. Let g(v) = 4*v - 8. What is the units digit of g(w)?
2
Suppose -u = -2, -16 = -2*t - u + 50. What is the tens digit of t?
3
What is the hundreds digit of (-4)/(-3) - (-11799)/81?
1
What is the tens digit of (4 + -4)/1 - -27?
2
Suppose -21*b + 13*b + 240 = 0. What is the tens digit of b?
3
Let f(w) = 9*w**3 - w + 1. What is the units digit of f(1)?
9
Let n be 6 + (0 - -3)*-1. Suppose -c + 0*t + 25 = -2*t, -n*t = -15. What is the tens digit of c?
3
Let z = 70 + 82. What is the hundreds digit of z?
1
Let n(c) = 17*c + 1. Let u be n(1). Let a be (8/(-6))/(4/u). Let h(q) = -q**2 - 7*q. What is the units digit of h(a)?
6
What is the hundreds digit of (20/10)/((-6)/(-549))?
1
Let o be 2/(-8) - 865/(-20). Suppose -3*h - o = -136. What is the units digit of h?
1
Suppose -11 = -3*c + w, -3*c + 6*c - 2*w = 13. Suppose l + 26 = c*l. Suppose 2*r + 3 = h, 5 - l = -3*h + 5*r. What is the units digit of h?
1
Let q(h) = 4*h**2 - 5*h + 7. Let l be q(3). Let g = -11 + l. What is the tens digit of g?
1
Suppose -3*g + 2*n = -235, -240 = -3*g - 2*n - n. What is the units digit of g?
9
What is the tens digit of (-140)/(-3) + 5/15?
4
Let i(m) = -m**3 + 7*m**2 + 2*m - 7. What is the units digit of i(7)?
7
Let z(j) = j**2 - 13*j + 31. What is the units digit of z(10)?
1
Let s be (-4)/14 + 75/(-7). Suppose -5*